, -3*f = -2*z + 20 - 11. Let r(m) = m**3 + 2*m - 1. Calculate r(z).
-1
Let i(r) = -2*r**2 + r + 3. Let s(b) be the second derivative of b**4/6 - b**3/6 - b**2 - 7*b. Let k(f) = -2*i(f) - 3*s(f). What is k(-2)?
-10
Suppose 12 = -4*i, -3*s = -5*i + 2 + 1. Let n(l) = l**2 - 384 + 389 + 4*l + 2*l. Determine n(s).
5
Suppose -3 = 497*g - 496*g. Let m(q) = q**3 + 5*q**2 + 3*q + 4. Give m(g).
13
Let z(u) = -2*u - 8. Let q(c) = 3*c + 18. Let t be q(-5). Suppose 11 - 2 = 3*y, t*y + 21 = -5*a. Give z(a).
4
Let y be 15/(-21)*-1 - (-8)/28. Let m(z) = -4 + 2 + y + 0 - z. Determine m(2).
-3
Let t be (-1 - 0)/(14/(-14)). Let f(z) be the first derivative of z**4 + z + 29. Calculate f(t).
5
Let x be 9/(117/(-130)) + 8. Let s(b) = 4*b + 6 - 8 - 3*b. Determine s(x).
-4
Suppose 4*k + 5*n - 8 = 22, -2*k + 6 = -2*n. Let l = 2 - k. Let b(u) = -u**2 - 6*u - 2. Let g(c) = c**2 + 7*c + 3. Let p(f) = -5*b(f) - 4*g(f). Determine p(l).
1
Let l(c) = -11*c - 78. Let u be l(-7). Let j(s) = -7*s**2 + 1. Give j(u).
-6
Let f(j) = -j - 1. Suppose 3*r - 7 = -5*x, 3*r = -3*x - 6 + 3. Give f(r).
5
Let v(l) = 7*l - 6. Let d(a) = -3*a + 2. Let p(n) = -5*d(n) - 2*v(n). What is p(3)?
5
Let z = -11 - -15. Let a(d) = -5 + 15 - z*d - 9. Suppose -4*v - v + t - 9 = 0, 3*v = -t - 7. What is a(v)?
9
Let w(l) be the second derivative of l**5/20 + l**4/2 + l**3/6 + 3*l**2/2 - 38*l. Let x(k) = k**2 - 9*k - 6. Let p be x(9). What is w(p)?
-3
Suppose -6*o + 28 = -4*o. Let w(g) = -27*g + o*g + 14*g. Let z be 1*(1 - -2)/(-1). Calculate w(z).
-3
Let r(k) = k**3 + k**2 - 2*k - 1. Let m(d) = 7*d**3 + 8*d**2 - 16*d + 1. Let l(q) = m(q) - 6*r(q). Determine l(-4).
-9
Let l(y) be the third derivative of -y**6/240 - y**5/60 - 11*y**4/8 + 28*y**2. Let s(m) be the second derivative of l(m). Determine s(-3).
7
Let n be (5/(-30))/((-2)/(-6))*22. Let x(g) = -g**2 - 10*g + 15. Give x(n).
4
Let s(f) = f**3 + 2*f**2 - 2*f. Let i(g) = g**3 + 5*g**2 - 4*g - 1. Let m(x) = -3*i(x) + 5*s(x). Calculate m(3).
18
Let k(n) be the second derivative of -1/4*n**4 + 0 - 1/20*n**5 + 1/6*n**3 - 18*n - 5/2*n**2. Determine k(-4).
7
Let q(z) = 3*z - 2. Let a = 1 + 2. Suppose 5*g = 2*k + k - 7, -1 = -k + a*g. Let x = k + -2. Determine q(x).
4
Let t(f) = -10*f - 9*f + 0*f**2 + 51*f - 4 - f**2 - 43*f. Suppose 0 = -2*m - s - 3 - 6, 4*m + s + 21 = 0. Give t(m).
26
Let w(r) = -5*r**2 + 3*r + 1. Let u(o) = o**3 - 10*o**2 + 17*o - 9. Let l be u(8). Determine w(l).
-7
Let t(o) = o**2 + 7*o + 3. Let z be -4 + 1 - (-7 - 2)/(-3). Let y be (9/(-6))/(6/16). Let c be (-112)/21 - y/z. Calculate t(c).
-3
Let q(c) be the first derivative of 4*c**3/3 + c**2/2 + c - 1. Suppose 12 = 3*j, 2 = -b + 2*j - 8. Calculate q(b).
15
Let x(i) = -4*i**3 + 3*i + 85. Let j(n) = -n**3 + n + 28. Let k(m) = -7*j(m) + 2*x(m). What is k(0)?
-26
Let b = 9 - 12. Let j be (-4)/20 + 11/5. Let h(d) = 3*d + d**2 - 4 + 0*d**j + 0*d. What is h(b)?
-4
Let l(y) = 181 - 180 - 6*y**2 + 4*y**2 + 4*y**3. Give l(2).
25
Suppose 0 = 5*y + 18 - 53. Suppose 2*k + 20 = y*k. Let b(l) = -6 + 10*l**3 - 7*l + 4*l**2 - 5*l**3 - k*l**3. Give b(-5).
4
Let l(j) = -j**3 - j**2 - 15. Let f = -172 + 172. Give l(f).
-15
Let w be (3 - 76/28) + (-19)/(-7). Suppose 4*u + 0*z - 20 = z, 0 = 3*u - 5*z - 15. Let p(c) = 0*c + 2*c**2 + w*c**2 - 4*c + u - 6*c**2. Determine p(-4).
5
Let h(o) = -2 + 1 + 6 - 3*o - 9. Suppose 0*n + n + 2 = 0. Let w = n + 5. Give h(w).
-13
Let d(u) = u - 13. Let p(t) = -4*t + 52. Let j(m) = 9*d(m) + 2*p(m). Determine j(15).
2
Suppose 0*q - 40 = -4*q. Let t(a) = -3*a - 9*a**2 + a + q*a**2. Determine t(4).
8
Let w(k) be the third derivative of k**4/12 - k**3/2 - 3*k**2. What is w(3)?
3
Let p(w) = 291665*w**2 - 14*w + 31 - 291664*w**2 + 0*w. Determine p(3).
-2
Let r(p) = p**3 + 5*p**2. Suppose -5*v = -2*m + 160, v + 10 = 4*m - 22. Let l = -37 - v. Determine r(l).
0
Suppose -4*v = -3 - 1. Let o(h) = -v + 1 - 3 + 2*h. Let b(z) = 5*z**3 - 3*z**2 + z. Let l be b(1). Determine o(l).
3
Let c(i) = -i**3 - 9*i**2 + 9*i - 4. Let u be c(-10). Let o(h) = 12*h**2 - 11*h**2 - 6 - 7*h - u. Calculate o(9).
6
Let p(w) = w + 8. Let i(k) = k**3 + 2*k**2 - 6*k - 12. Let t(l) = l**3 + l**2 - 5*l - 12. Let d(c) = -4*i(c) + 3*t(c). Let g be d(-6). Give p(g).
2
Let r(g) = -11*g**3 + 2*g**2 + 6*g - 7. Let x(t) = 12*t**3 - 2*t**2 - 7*t + 8. Let k(w) = -7*r(w) - 6*x(w). Give k(-1).
-6
Let c(n) = -n + 15*n**2 - 6 + 34476*n**3 - 34477*n**3 + 0*n - 13*n. Determine c(14).
-6
Suppose -21*b = -22*b + 1. Suppose -z = -6 + b. Let h(r) = -r**2 + 6*r - 2. Determine h(z).
3
Suppose 2*y - 10 = 0, -3*d = -0*y - 4*y + 20. Suppose -2*q + 3*b = -b + 6, d = -b. Let u(v) = -141*v - 1 + 69*v - 2 + 73*v. Determine u(q).
-6
Let k(h) = h**2 + 2*h**2 + 0*h**2 - 4*h**2 + 2*h + 2 - h + h**3. Let f(z) = z**3 + 5*z**2 + 5*z + 6. Let p be f(-4). Determine k(p).
8
Let o(i) = -16*i**3 - 2*i**2 + i + 14. Let j(t) = -15*t**3 - 2*t**2 + t + 12. Let q(m) = 7*j(m) - 6*o(m). What is q(1)?
-10
Let w(h) = -h**2 + 15*h - 16. Suppose 3*r + 77 = 5*b, -5*b + 29 = -4*b - 4*r. Determine w(b).
10
Let v(i) be the first derivative of i**2 + 16*i + 256. Determine v(-4).
8
Let a(p) be the first derivative of -9 - 1/3*p**3 + 1/120*p**5 + 0*p**2 + 1/24*p**4 + 0*p. Let n(v) be the third derivative of a(v). Calculate n(1).
2
Suppose -7 = -3*j - 4. Let y(v) = 4*v + j + 6*v - 3*v. Give y(-1).
-6
Let j = -183 - -191. Let l(a) = a**3 - 9*a**2 + 12*a. What is l(j)?
32
Let y(q) = q**2 + 12*q + 2. Let k(b) = -b**2 - 13*b - 1. Let c(u) = 3*k(u) + 4*y(u). Let o(h) = -h**3 + 4*h**2 - 4*h + 8. Let s be o(4). What is c(s)?
-3
Let v(h) = h - 3. Suppose 0 = -2*q + 16 + 18. Let b = q - 13. Suppose -b*l = -7*l. What is v(l)?
-3
Let k(m) = 298*m**2 - 299*m**2 - 7*m - 4 - 5 + 0. Calculate k(-6).
-3
Let g(k) be the third derivative of 3/2*k**3 + 0*k + 15 + k**2 - 1/120*k**6 - 5/24*k**4 + 1/10*k**5. Calculate g(6).
-21
Let c be 0 - (-1 - (-1 + 4)). Let y(a) = a**3 - 3*a**2 - 10*a - 1. Let p(l) = -l**3 + 3*l**2 + 11*l + 1. Let g(t) = -5*p(t) - 6*y(t). Give g(c).
5
Let n be -4 + 0 + -3*2/6. Let r(v) = -v**3 - 4*v**2 + 7*v + 4. What is r(n)?
-6
Let g(b) = b**3 + 4 + 0*b**3 + 0*b - 5*b - 3*b**2. Suppose 36 = 2*c + 2*j, 4*j - 52 - 40 = -5*c. Let p = -16 + c. Calculate g(p).
0
Let l(x) = 8*x**2 - 23*x - 13. Let k(t) = -3*t**2 + 8*t + 5. Let d(r) = -11*k(r) - 4*l(r). What is d(-5)?
2
Let i be ((-65)/20)/((-2)/8). Let v(p) = -p**3 + 12*p**2 + 16*p - 2. Calculate v(i).
37
Let b(z) = 22*z - z**3 + 2*z**3 - 8 - 5*z**2 - 14*z. Let g be b(4). Let l(f) = f - 17. Calculate l(g).
-9
Let s(t) = -t**3 - 18*t**2 - t - 24. Let h(m) = m**3 + 3*m**2 - 7*m - 30. Let w be h(-4). What is s(w)?
-6
Suppose -2 = -15*w + 13*w. Let l(v) = 3*v**3 + 3*v**2 - v - 2. Let k(d) = d**3 - d. Let u(j) = w*l(j) - 2*k(j). What is u(-3)?
-5
Let g(p) be the third derivative of -p**5/60 - p**3/3 + 93*p**2. Suppose 5*i = -3*z + 19, 3*z + 23 = 4*i - 3. Determine g(z).
-6
Let r(f) = -f**2 - 2*f + 1. Let l be ((-6)/(-5))/(4/10). Suppose 8 = -4*h, 0 = l*b - 5*h + 1 + 1. What is r(b)?
-7
Let p(l) be the second derivative of -l**5/40 - l**4/24 - l**3/3 - 10*l. Let m(c) be the second derivative of p(c). What is m(2)?
-7
Suppose 4*g + 2 = 5*j - 7, 2*g = 4*j - 12. Let p(v) be the first derivative of 1/2*v**2 + g + 8*v. Determine p(0).
8
Let x(d) = -d**3 + 7*d**2 - 6*d + 1. Let y = 0 + 4. Suppose y*i + 42 = i. Let o = -8 - i. Give x(o).
1
Let y be ((-1)/4*21)/(13/(-52)). Suppose 3*c = -3*k - y, -3*k = -0*k - 3*c + 15. Let l(f) = f + 5. Determine l(k).
-1
Let z(g) = -g**2 + 6*g + 4. Let q(v) = v**2 - v. Let r(j) = 2*q(j) + z(j). Calculate r(-5).
9
Let s(v) = v**2 - v - 1. Let i be s(-7). Let o be 4/(-10) - (-352)/i. Let r(k) = -k**2 + 7*k + 3. Determine r(o).
9
Let g(h) = h + 9. Let i be 10/(-8) + 1 + (-209)/76. Let y(t) = -1. Let z(d) = i*y(d) - g(d). What is z(0)?
-6
Let z(h) = -h**3 - 5*h**2 + 3*h + 3. Let v = 492 - 497. What is z(v)?
-12
Let j(g) = -g**2 - 6*g + 7. Let b(x) = -2*x**2 + 2*x + 6. Suppose 0 = -21*d + 27*d - 18. Let o be b(d). Calculate j(o).
7
Suppose -315*x + 312*x + 18 = 0. Let s(y) = -y**3 + 6*y**2 + 4*y - 8. Determine s(x).
16
Let l(q) = -q - 5. Let x(m) = m**3 - 5*m**2 - 5*m - 6. Suppose 5*i = 24 + 6. Let v be x(i). Calculate l(v).
-5
Suppose 2*x + 1 = -5*m - 5, 3*m + 40 = 4*x. Let n(h) = -h**2 + 7*h + 5. Determ